2 + 33*y**2/2 - y. Let h(a) = a**3 - 10*a**2 + 9*a. Let v be h(9). What is the units digit of t(v)?
3
Let n(o) = 6*o**2 - 33*o + 6. Let v(b) = -b. Let p(t) = n(t) - v(t). What is the tens digit of p(7)?
7
Let w be 9/4 + 6/8. Suppose 4*p - 5*r = 275, -2*p = -w*r - 2*r - 135. What is the tens digit of p?
7
Suppose 0 = 4*w - 2*u - 4, -2*u = 4 - 0. Suppose 877 = 4*n + t, w = -3*n + 5*n + 3*t - 441. What is the hundreds digit of n?
2
Let n(q) = q**3 + 6*q**2 + 2*q + 14. Let d(a) = a**3 + 4*a**2 + 4*a + 10. Let v be d(-4). Let g be n(v). Suppose g*k = 14 + 30. What is the tens digit of k?
2
Let r = -1012 + 2475. What is the units digit of r?
3
Let g = 967 + 162. What is the tens digit of g?
2
Suppose 28 = -7*g + 133. Let m = g + 25. What is the units digit of m?
0
Let v = -3979 - -8862. What is the thousands digit of v?
4
Let q = 47 - 5. What is the units digit of (16/(-3))/(q/(-189))?
4
Suppose y - 7 = -2. Suppose 0 = -y*c - 26 - 14. What is the units digit of (-4)/(c/(-3))*-2?
3
Suppose -n + 1172 = 85*z - 88*z, 12 = 4*z. What is the hundreds digit of n?
1
Let k(t) = -t + 2. Let j be k(-2). Let m(a) = j*a**2 + 0 - 5*a - 2*a**2 - 2. What is the tens digit of m(5)?
2
Suppose -18 = -3*y + 4*g, 0 = 3*y - 3*g - 6 - 9. Suppose -a - 2*p - 3 = 0, -4*a - y*p + 3 = p. What is the units digit of a?
3
Let f = -5934 - -10594. What is the hundreds digit of f?
6
Let b = 1 + 2. Let t(c) = -2 + 0 + 0*c**3 + c + 2*c**3 - 4*c**2. What is the units digit of t(b)?
9
Let h(x) = x**2 + 7*x - 3. Suppose w = 20 - 14. What is the tens digit of h(w)?
7
Let j(w) = -w**2 + 3*w + 9. Let y be j(7). Let x = y - -87. What is the tens digit of x?
6
Suppose -23 + 19 = -q. Suppose 0*u = -q*u + 92. What is the units digit of u?
3
Let w = -632 - -1388. Suppose -2*n - 566 = -2*c, 2*n = 4*c - 370 - w. What is the tens digit of c?
8
Let m be 4*1*(3 - 114). Let t(f) = -f**3 - 1. Let j be t(1). What is the units digit of m/(-14) - j/7?
2
Suppose v - 15*r + 19*r - 5205 = 0, r - 26082 = -5*v. What is the units digit of v?
7
Let i = 167 - 128. What is the units digit of i?
9
Let u(c) = -9*c - 2. Let o be u(-14). Let p = o + -72. What is the tens digit of p?
5
Let a(y) = 274*y - 236. What is the hundreds digit of a(12)?
0
Let i(c) be the second derivative of -c**5/20 + 7*c**4/12 - 2*c**3/3 + 7*c**2/2 + 2*c. What is the units digit of i(3)?
1
Suppose 4*b + 2016 = 5*m - 0*b, -4*b + 4 = 0. What is the hundreds digit of m?
4
Let u be 4 - (-100 + 2/(-2)). Suppose 13 + u = 2*x. What is the tens digit of x?
5
Let s be ((-63)/(-15))/(2/(-10)). Let k(y) = -y**3 + 6*y**2 + 28*y - 8. Let i be k(9). Let o = i - s. What is the units digit of o?
2
Suppose 1033 + 1109 = 17*j. What is the hundreds digit of j?
1
Let c = 640 + -603. What is the tens digit of c?
3
Suppose -102*c + 17*c = -403835. What is the thousands digit of c?
4
Suppose -5*b + 3*i + 3345 = 0, 251 = 5*b + 5*i - 3054. What is the hundreds digit of b?
6
Let b(d) = 32*d + 54. What is the hundreds digit of b(34)?
1
Suppose 4*t + 4 = -0*m - m, 4*m + 16 = 0. Let p(n) = -n**2 + 3*n + 51. What is the units digit of p(t)?
1
Let b be 900/(-5 + 11) + 1*-3. Suppose 0 = v - 5*j - 116, 213 + b = 3*v - 3*j. What is the tens digit of v?
2
Let x be 132/21 - (-8)/(-28). Suppose 0 = x*z - z - 615. Suppose 10*p - 7*p - z = 0. What is the units digit of p?
1
Suppose 0 = -4*w + 2*m + 272, w - 4*m - m = 59. Suppose 3*r = -0*r - w. Let c = r - -27. What is the units digit of c?
4
Let q be (6/(-15))/(2/(-20)). Let d(n) = 29*n - 77. Let j be d(4). Suppose -7*u + q*u = -j. What is the tens digit of u?
1
Let o(z) be the first derivative of -z**4/4 - 3*z**3 + 3*z**2 - 13*z + 10. What is the tens digit of o(-10)?
2
Suppose -2*a - i + 113 = 0, -2*a + 123 = -0*i - i. Let n = 112 - a. What is the units digit of n?
3
Let t = 1004 + 985. What is the units digit of t?
9
Suppose z = -2*w + 2481, 72*w - 3*z + 1238 = 73*w. What is the thousands digit of w?
1
Suppose 6*v - 2*v = 12. Let p = -7 + v. What is the tens digit of ((-52)/(-6))/(p/(-6))?
1
Let p(m) = m**3 + 20*m**2 - 12*m - 87. What is the tens digit of p(-20)?
5
Let k = 61 + -83. What is the tens digit of 1/(44/(-8)) - 1522/k?
6
Suppose 0 = -63*n + 60*n + 1281. What is the tens digit of n?
2
Let y be (-1)/((0 - (-1)/8)*-2). Suppose 0 = y*m + n - 537, 4*n + 263 = 4*m - 269. What is the units digit of m?
4
Let y(d) = 12*d**3 - 2*d**2 - d + 2. Let l(a) = -23*a**3 + 3*a**2 + a - 3. Let c(h) = -3*l(h) - 5*y(h). What is the units digit of c(2)?
9
Suppose 5 = 5*g + 20. Let x(q) = 19*q + 12. Let w(r) = -20*r - 13. Let s(t) = -3*w(t) - 4*x(t). What is the units digit of s(g)?
9
Let o(f) = -54*f - 41. Let g(l) = 27*l + 20. Let w(u) = 5*g(u) + 3*o(u). What is the units digit of w(-13)?
8
What is the tens digit of (-71580)/(-140) + 2/(-7)?
1
Suppose 109*r - 106*r = 378. What is the units digit of r?
6
Let c = 14 - 14. Suppose 0 = -x - c + 5. Suppose -x*p = -77 + 22. What is the tens digit of p?
1
Let o(p) = 2*p**2 + 7*p + 13. Suppose -19 + 39 = -5*t. What is the tens digit of o(t)?
1
Suppose -x + 0*x = -4. Let p(r) = -r**3 - 34*r**2 + 33*r - 67. Let q be p(-35). Suppose -s + 46 - 14 = -q*l, -s - x*l = -32. What is the tens digit of s?
3
Let k = -317 - -1192. What is the tens digit of k?
7
What is the hundreds digit of -18 + 15 - (-1649 + 3)?
6
Suppose -4*a + 1205 = -411. What is the hundreds digit of a?
4
Let y = 3873 - -289. What is the thousands digit of y?
4
Let x = -11 - -5. Let d(a) = -a**3 - 4*a**2 + 7*a - 6. Let m be d(x). Let v = m - 21. What is the units digit of v?
3
Let i be (2/4 + -2)/((-8)/16). Suppose -2*c - i*j = -229 - 89, 2*c - 2*j = 318. What is the units digit of c?
9
Let u(r) be the third derivative of r**5/30 - 3*r**4/8 - 7*r**3/6 - 19*r**2. What is the tens digit of u(-4)?
6
Let i(w) = 5*w**2 + w. Let j be i(-1). Let f = -4 + j. Suppose -58 = -2*m - f*m. What is the tens digit of m?
2
Let o = 101 + -40. Suppose -3*i = 4*r - 182, o = 2*r + i - 31. What is the units digit of r?
7
Let x(v) = 3*v**3 + v - 1. Suppose -3*z - 2 = -5*o, 3*z + 0*o = -2*o + 5. Let n be x(z). What is the tens digit of 128/n - (-7)/21?
4
Suppose -t - 5 - 23 = 0. Let i = t - -62. What is the tens digit of i?
3
Let v be (-2 + (-64)/(-20))*(-20)/(-6). Suppose 125 = v*h - 2*f - 7, 78 = 2*h + 5*f. What is the tens digit of h?
3
Suppose r + 1555 = 2*o, -1549 = -2*o + 9*r - 10*r. What is the hundreds digit of o?
7
Let l = -11 - -15. Suppose -l*t + 6 = -t. Let a = t - -10. What is the tens digit of a?
1
Let y(u) = -123*u + 31. What is the units digit of y(-13)?
0
Let z be (9 - 8)/((-1)/(-121)). Suppose t - 2*t + 65 = c, -5*t = 2*c - z. What is the tens digit of c?
6
Suppose -5*m + m - 8 = 0, -m - 52 = -2*b. Suppose 6*l - 3*l - 9 = 0, 2*w - b = -5*l. Suppose 3*c + w = -1, 4*v = 3*c + 34. What is the units digit of v?
7
Let r be (-9)/(-3) + (6 - -3). Suppose 17*k - r*k = 15. Suppose 0*c + 2*c + 2*x = 34, -4*c = k*x - 73. What is the tens digit of c?
2
Let m(v) = 10*v - 20. Let r = 19 + -25. Let w = r - -14. What is the units digit of m(w)?
0
Let a(u) = 50*u**2 - 6*u + 6. Suppose -6 = -25*w + 22*w. What is the hundreds digit of a(w)?
1
Let j(r) = -15*r - 5. Let s be j(-2). Suppose 0 = 2*i - 87 - s. What is the units digit of i?
6
Let o = 1259 + -474. What is the hundreds digit of o?
7
Suppose 3*y + 16650 = 3*o, 40*y = 3*o + 44*y - 16685. What is the hundreds digit of o?
5
Let y(n) = -n**2 - n. Let u(i) = -2*i**2 - 10*i + 18. Let s(t) = u(t) - 4*y(t). What is the tens digit of s(6)?
5
Let d = -1453 - -3235. What is the tens digit of d?
8
Suppose 24 = -4*q - 0. Let j = q - -7. What is the units digit of j*(1 + (13 - 2))?
2
Suppose -15*m + 16630 = -845. What is the units digit of m?
5
Let d be ((-9)/3 - -4) + 2. What is the tens digit of ((-93)/(-33) - d) + 2292/22?
0
Suppose -20 = 5*y, -q + 4*q = 5*y + 779. What is the units digit of (-7)/21 - q/(-3)?
4
Suppose -8*x + 4004 = 3*x. What is the units digit of x?
4
Let q(n) = n**2 + 1. Let u(m) = 3*m**2 + 7*m + 10. Let j(w) = 5*q(w) - u(w). What is the tens digit of j(8)?
6
Suppose -44 = -3*n + n. Let x = n + 62. Let k = x - 59. What is the tens digit of k?
2
Let d = 182 - 451. Let a = -109 - d. What is the hundreds digit of a?
1
Let o(j) = j**2 + 2*j + 2. Suppose p = 3*h - 4, 3 - 2 = h. Let c be o(p). W